{"id":14283,"date":"2023-08-30T09:32:57","date_gmt":"2023-08-30T09:32:57","guid":{"rendered":"https:\/\/www.praktikhotels.com\/ecofriendly-hotel\/"},"modified":"2024-01-31T11:08:48","modified_gmt":"2024-01-31T11:08:48","slug":"ecofriendly-hotel","status":"publish","type":"page","link":"https:\/\/www.praktikhotels.com\/fr\/ecofriendly-hotel\/","title":{"rendered":"Ecofriendly hotel"},"content":{"rendered":"<h1 style=\"text-align: center\">You are in an ecofriendly hotel<\/h1>\n<h4 style=\"text-align: center\">Take care of the planet while you stay with us<\/h4>\n<p style=\"text-align: center\">At Praktik Hotels, develop sustainability policies that help reduce environmental impact by making responsible use of our resources and being efficient hotels.<\/p>\n<h5 style=\"text-align: center\">We save water<\/h5>\n<p style=\"text-align: center\">with an optional towel laundering policy. We believe in a responsible use of natural resources.<\/p>\n<h5 style=\"text-align: center\">No more waste<\/h5>\n<p style=\"text-align: center\">We avoid buying wrappers and containers that make recycling difficult or impossible.<\/p>\n<h5 style=\"text-align: center\">Organic products<\/h5>\n<p style=\"text-align: center\">At Praktik Hotels we choose only ecological suppliers and environmentally friendly products and services.<\/p>\n<h5 style=\"text-align: center\">Sustainable cleaning products<\/h5>\n<p style=\"text-align: center\">We reduce the plastic emitted by replacing traditional amenities with dispensers and using recycled and recyclable packaging and bags.<\/p>\n<h5 style=\"text-align: center\">Green Point<\/h5>\n<p style=\"text-align: center\">All our hotels have a green point for selective waste management and recycling.<\/p>\n","protected":false},"excerpt":{"rendered":"<p>You are in an ecofriendly hotel Take care of the planet while you stay with us At Praktik Hotels, develop sustainability policies that help reduce environmental impact by making responsible use of our resources and being efficient hotels. We save water with an optional towel laundering policy. We believe in a responsible use of natural [&hellip;]<\/p>\n","protected":false},"author":8,"featured_media":0,"parent":0,"menu_order":0,"comment_status":"closed","ping_status":"closed","template":"","meta":{"inline_featured_image":false,"footnotes":""},"class_list":["post-14283","page","type-page","status-publish","hentry","post-wrapper","thrv_wrapper"],"yoast_head":"<!-- This site is optimized with the Yoast SEO plugin v23.2 - https:\/\/yoast.com\/wordpress\/plugins\/seo\/ -->\n<title>Nos h\u00f4tels \u00e9cologiques - Praktik Hotels Barcelone<\/title>\n<meta name=\"description\" content=\"En plus de pr\u00e9senter des h\u00f4tels \u00e0 th\u00e8me, Praktik Hotels d\u00e9veloppe une politique \u00e9cologique bas\u00e9e sur la durabilit\u00e9.\" \/>\n<meta name=\"robots\" content=\"index, follow, max-snippet:-1, max-image-preview:large, max-video-preview:-1\" \/>\n<link rel=\"canonical\" href=\"https:\/\/www.praktikhotels.com\/fr\/ecofriendly-hotel\/\" \/>\n<meta property=\"og:locale\" content=\"fr_FR\" \/>\n<meta property=\"og:type\" content=\"article\" \/>\n<meta property=\"og:title\" content=\"Nos h\u00f4tels \u00e9cologiques - Praktik Hotels Barcelone\" \/>\n<meta property=\"og:description\" content=\"En plus de pr\u00e9senter des h\u00f4tels \u00e0 th\u00e8me, Praktik Hotels d\u00e9veloppe une politique \u00e9cologique bas\u00e9e sur la durabilit\u00e9.\" \/>\n<meta property=\"og:url\" content=\"https:\/\/www.praktikhotels.com\/fr\/ecofriendly-hotel\/\" \/>\n<meta property=\"og:site_name\" content=\"Praktik Hotels - Hoteles boutique en el centro de Barcelona\" \/>\n<meta property=\"article:publisher\" content=\"https:\/\/www.facebook.com\/praktikhotels\/\" \/>\n<meta property=\"article:modified_time\" content=\"2024-01-31T11:08:48+00:00\" \/>\n<meta name=\"twitter:card\" content=\"summary_large_image\" \/>\n<meta name=\"twitter:title\" content=\"Nos h\u00f4tels \u00e9cologiques - Praktik Hotels Barcelone\" \/>\n<meta name=\"twitter:description\" content=\"En plus de pr\u00e9senter des h\u00f4tels \u00e0 th\u00e8me, Praktik Hotels d\u00e9veloppe une politique \u00e9cologique bas\u00e9e sur la durabilit\u00e9.\" \/>\n<meta name=\"twitter:site\" content=\"@praktikhotels\" \/>\n<meta name=\"twitter:label1\" content=\"Dur\u00e9e de lecture estim\u00e9e\" \/>\n\t<meta name=\"twitter:data1\" content=\"1 minute\" \/>\n<script type=\"application\/ld+json\" class=\"yoast-schema-graph\">{\"@context\":\"https:\/\/schema.org\",\"@graph\":[{\"@type\":\"Article\",\"@id\":\"https:\/\/www.praktikhotels.com\/fr\/ecofriendly-hotel\/#article\",\"isPartOf\":{\"@id\":\"https:\/\/www.praktikhotels.com\/fr\/ecofriendly-hotel\/\"},\"author\":{\"name\":\"rafael\",\"@id\":\"\/#\/schema\/person\/61e004cfc07e8b9ece2c609d802040a8\"},\"headline\":\"Ecofriendly hotel\",\"datePublished\":\"2023-08-30T09:32:57+00:00\",\"dateModified\":\"2024-01-31T11:08:48+00:00\",\"mainEntityOfPage\":{\"@id\":\"https:\/\/www.praktikhotels.com\/fr\/ecofriendly-hotel\/\"},\"wordCount\":126,\"publisher\":{\"@id\":\"\/#organization\"},\"inLanguage\":\"fr-FR\"},{\"@type\":\"WebPage\",\"@id\":\"https:\/\/www.praktikhotels.com\/fr\/ecofriendly-hotel\/\",\"url\":\"https:\/\/www.praktikhotels.com\/fr\/ecofriendly-hotel\/\",\"name\":\"Nos h\u00f4tels \u00e9cologiques - Praktik Hotels Barcelone\",\"isPartOf\":{\"@id\":\"\/#website\"},\"datePublished\":\"2023-08-30T09:32:57+00:00\",\"dateModified\":\"2024-01-31T11:08:48+00:00\",\"description\":\"En plus de pr\u00e9senter des h\u00f4tels \u00e0 th\u00e8me, Praktik Hotels d\u00e9veloppe une politique \u00e9cologique bas\u00e9e sur la durabilit\u00e9.\",\"breadcrumb\":{\"@id\":\"https:\/\/www.praktikhotels.com\/fr\/ecofriendly-hotel\/#breadcrumb\"},\"inLanguage\":\"fr-FR\",\"potentialAction\":[{\"@type\":\"ReadAction\",\"target\":[\"https:\/\/www.praktikhotels.com\/fr\/ecofriendly-hotel\/\"]}]},{\"@type\":\"BreadcrumbList\",\"@id\":\"https:\/\/www.praktikhotels.com\/fr\/ecofriendly-hotel\/#breadcrumb\",\"itemListElement\":[{\"@type\":\"ListItem\",\"position\":1,\"name\":\"Portada\",\"item\":\"https:\/\/www.praktikhotels.com\/fr\/\"},{\"@type\":\"ListItem\",\"position\":2,\"name\":\"Ecofriendly hotel\"}]},{\"@type\":\"WebSite\",\"@id\":\"\/#website\",\"url\":\"\/\",\"name\":\"Praktik Hotels - Hoteles boutique en el centro de Barcelona\",\"description\":\"Hoteles boutique en el centro de Barcelona\",\"publisher\":{\"@id\":\"\/#organization\"},\"potentialAction\":[{\"@type\":\"SearchAction\",\"target\":{\"@type\":\"EntryPoint\",\"urlTemplate\":\"\/?s={search_term_string}\"},\"query-input\":\"required name=search_term_string\"}],\"inLanguage\":\"fr-FR\"},{\"@type\":\"Organization\",\"@id\":\"\/#organization\",\"name\":\"Praktik Hotels - Hoteles boutique en el centro de Barcelona\",\"url\":\"\/\",\"logo\":{\"@type\":\"ImageObject\",\"inLanguage\":\"fr-FR\",\"@id\":\"\/#\/schema\/logo\/image\/\",\"url\":\"https:\/\/www.praktikhotels.com\/wp-content\/uploads\/sites\/13\/2022\/11\/praktik-vinoteca-habitacion01.jpg\",\"contentUrl\":\"https:\/\/www.praktikhotels.com\/wp-content\/uploads\/sites\/13\/2022\/11\/praktik-vinoteca-habitacion01.jpg\",\"width\":960,\"height\":635,\"caption\":\"Praktik Hotels - Hoteles boutique en el centro de Barcelona\"},\"image\":{\"@id\":\"\/#\/schema\/logo\/image\/\"},\"sameAs\":[\"https:\/\/www.facebook.com\/praktikhotels\/\",\"https:\/\/x.com\/praktikhotels\",\"https:\/\/www.instagram.com\/praktikhotels\/\"]},{\"@type\":\"Person\",\"@id\":\"\/#\/schema\/person\/61e004cfc07e8b9ece2c609d802040a8\",\"name\":\"rafael\",\"image\":{\"@type\":\"ImageObject\",\"inLanguage\":\"fr-FR\",\"@id\":\"\/#\/schema\/person\/image\/\",\"url\":\"https:\/\/secure.gravatar.com\/avatar\/cb4edff202b9612138e69e647bfe79b3?s=96&d=mm&r=g\",\"contentUrl\":\"https:\/\/secure.gravatar.com\/avatar\/cb4edff202b9612138e69e647bfe79b3?s=96&d=mm&r=g\",\"caption\":\"rafael\"}}]}<\/script>\n<!-- \/ Yoast SEO plugin. -->","yoast_head_json":{"title":"Nos h\u00f4tels \u00e9cologiques - Praktik Hotels Barcelone","description":"En plus de pr\u00e9senter des h\u00f4tels \u00e0 th\u00e8me, Praktik Hotels d\u00e9veloppe une politique \u00e9cologique bas\u00e9e sur la durabilit\u00e9.","robots":{"index":"index","follow":"follow","max-snippet":"max-snippet:-1","max-image-preview":"max-image-preview:large","max-video-preview":"max-video-preview:-1"},"canonical":"https:\/\/www.praktikhotels.com\/fr\/ecofriendly-hotel\/","og_locale":"fr_FR","og_type":"article","og_title":"Nos h\u00f4tels \u00e9cologiques - Praktik Hotels Barcelone","og_description":"En plus de pr\u00e9senter des h\u00f4tels \u00e0 th\u00e8me, Praktik Hotels d\u00e9veloppe une politique \u00e9cologique bas\u00e9e sur la durabilit\u00e9.","og_url":"https:\/\/www.praktikhotels.com\/fr\/ecofriendly-hotel\/","og_site_name":"Praktik Hotels - Hoteles boutique en el centro de Barcelona","article_publisher":"https:\/\/www.facebook.com\/praktikhotels\/","article_modified_time":"2024-01-31T11:08:48+00:00","twitter_card":"summary_large_image","twitter_title":"Nos h\u00f4tels \u00e9cologiques - Praktik Hotels Barcelone","twitter_description":"En plus de pr\u00e9senter des h\u00f4tels \u00e0 th\u00e8me, Praktik Hotels d\u00e9veloppe une politique \u00e9cologique bas\u00e9e sur la durabilit\u00e9.","twitter_site":"@praktikhotels","twitter_misc":{"Dur\u00e9e de lecture estim\u00e9e":"1 minute"},"schema":{"@context":"https:\/\/schema.org","@graph":[{"@type":"Article","@id":"https:\/\/www.praktikhotels.com\/fr\/ecofriendly-hotel\/#article","isPartOf":{"@id":"https:\/\/www.praktikhotels.com\/fr\/ecofriendly-hotel\/"},"author":{"name":"rafael","@id":"\/#\/schema\/person\/61e004cfc07e8b9ece2c609d802040a8"},"headline":"Ecofriendly hotel","datePublished":"2023-08-30T09:32:57+00:00","dateModified":"2024-01-31T11:08:48+00:00","mainEntityOfPage":{"@id":"https:\/\/www.praktikhotels.com\/fr\/ecofriendly-hotel\/"},"wordCount":126,"publisher":{"@id":"\/#organization"},"inLanguage":"fr-FR"},{"@type":"WebPage","@id":"https:\/\/www.praktikhotels.com\/fr\/ecofriendly-hotel\/","url":"https:\/\/www.praktikhotels.com\/fr\/ecofriendly-hotel\/","name":"Nos h\u00f4tels \u00e9cologiques - Praktik Hotels Barcelone","isPartOf":{"@id":"\/#website"},"datePublished":"2023-08-30T09:32:57+00:00","dateModified":"2024-01-31T11:08:48+00:00","description":"En plus de pr\u00e9senter des h\u00f4tels \u00e0 th\u00e8me, Praktik Hotels d\u00e9veloppe une politique \u00e9cologique bas\u00e9e sur la durabilit\u00e9.","breadcrumb":{"@id":"https:\/\/www.praktikhotels.com\/fr\/ecofriendly-hotel\/#breadcrumb"},"inLanguage":"fr-FR","potentialAction":[{"@type":"ReadAction","target":["https:\/\/www.praktikhotels.com\/fr\/ecofriendly-hotel\/"]}]},{"@type":"BreadcrumbList","@id":"https:\/\/www.praktikhotels.com\/fr\/ecofriendly-hotel\/#breadcrumb","itemListElement":[{"@type":"ListItem","position":1,"name":"Portada","item":"https:\/\/www.praktikhotels.com\/fr\/"},{"@type":"ListItem","position":2,"name":"Ecofriendly hotel"}]},{"@type":"WebSite","@id":"\/#website","url":"\/","name":"Praktik Hotels - Hoteles boutique en el centro de Barcelona","description":"Hoteles boutique en el centro de Barcelona","publisher":{"@id":"\/#organization"},"potentialAction":[{"@type":"SearchAction","target":{"@type":"EntryPoint","urlTemplate":"\/?s={search_term_string}"},"query-input":"required name=search_term_string"}],"inLanguage":"fr-FR"},{"@type":"Organization","@id":"\/#organization","name":"Praktik Hotels - Hoteles boutique en el centro de Barcelona","url":"\/","logo":{"@type":"ImageObject","inLanguage":"fr-FR","@id":"\/#\/schema\/logo\/image\/","url":"https:\/\/www.praktikhotels.com\/wp-content\/uploads\/sites\/13\/2022\/11\/praktik-vinoteca-habitacion01.jpg","contentUrl":"https:\/\/www.praktikhotels.com\/wp-content\/uploads\/sites\/13\/2022\/11\/praktik-vinoteca-habitacion01.jpg","width":960,"height":635,"caption":"Praktik Hotels - Hoteles boutique en el centro de Barcelona"},"image":{"@id":"\/#\/schema\/logo\/image\/"},"sameAs":["https:\/\/www.facebook.com\/praktikhotels\/","https:\/\/x.com\/praktikhotels","https:\/\/www.instagram.com\/praktikhotels\/"]},{"@type":"Person","@id":"\/#\/schema\/person\/61e004cfc07e8b9ece2c609d802040a8","name":"rafael","image":{"@type":"ImageObject","inLanguage":"fr-FR","@id":"\/#\/schema\/person\/image\/","url":"https:\/\/secure.gravatar.com\/avatar\/cb4edff202b9612138e69e647bfe79b3?s=96&d=mm&r=g","contentUrl":"https:\/\/secure.gravatar.com\/avatar\/cb4edff202b9612138e69e647bfe79b3?s=96&d=mm&r=g","caption":"rafael"}}]}},"_links":{"self":[{"href":"https:\/\/www.praktikhotels.com\/fr\/wp-json\/wp\/v2\/pages\/14283"}],"collection":[{"href":"https:\/\/www.praktikhotels.com\/fr\/wp-json\/wp\/v2\/pages"}],"about":[{"href":"https:\/\/www.praktikhotels.com\/fr\/wp-json\/wp\/v2\/types\/page"}],"author":[{"embeddable":true,"href":"https:\/\/www.praktikhotels.com\/fr\/wp-json\/wp\/v2\/users\/8"}],"replies":[{"embeddable":true,"href":"https:\/\/www.praktikhotels.com\/fr\/wp-json\/wp\/v2\/comments?post=14283"}],"version-history":[{"count":3,"href":"https:\/\/www.praktikhotels.com\/fr\/wp-json\/wp\/v2\/pages\/14283\/revisions"}],"predecessor-version":[{"id":14382,"href":"https:\/\/www.praktikhotels.com\/fr\/wp-json\/wp\/v2\/pages\/14283\/revisions\/14382"}],"wp:attachment":[{"href":"https:\/\/www.praktikhotels.com\/fr\/wp-json\/wp\/v2\/media?parent=14283"}],"curies":[{"name":"wp","href":"https:\/\/api.w.org\/{rel}","templated":true}]}}

<!-- This site is optimized with the Yoast SEO plugin v23.2 - https://yoast.com/wordpress/plugins/seo/ -->
<title>Nos hôtels écologiques - Praktik Hotels Barcelone</title>
<meta name="description" content="En plus de présenter des hôtels à thème, Praktik Hotels développe une politique écologique basée sur la durabilité." />
<meta name="robots" content="index, follow, max-snippet:-1, max-image-preview:large, max-video-preview:-1" />
<link rel="canonical" href="https://www.praktikhotels.com/fr/ecofriendly-hotel/" />
<meta property="og:locale" content="fr_FR" />
<meta property="og:type" content="article" />
<meta property="og:title" content="Nos hôtels écologiques - Praktik Hotels Barcelone" />
<meta property="og:description" content="En plus de présenter des hôtels à thème, Praktik Hotels développe une politique écologique basée sur la durabilité." />
<meta property="og:url" content="https://www.praktikhotels.com/fr/ecofriendly-hotel/" />
<meta property="og:site_name" content="Praktik Hotels - Hoteles boutique en el centro de Barcelona" />
<meta property="article:publisher" content="https://www.facebook.com/praktikhotels/" />
<meta property="article:modified_time" content="2024-01-31T11:08:48+00:00" />
<meta name="twitter:card" content="summary_large_image" />
<meta name="twitter:title" content="Nos hôtels écologiques - Praktik Hotels Barcelone" />
<meta name="twitter:description" content="En plus de présenter des hôtels à thème, Praktik Hotels développe une politique écologique basée sur la durabilité." />
<meta name="twitter:site" content="@praktikhotels" />
<meta name="twitter:label1" content="Durée de lecture estimée" />
	<meta name="twitter:data1" content="1 minute" />
<script type="application/ld+json" class="yoast-schema-graph">{"@context":"https://schema.org","@graph":[{"@type":"Article","@id":"https://www.praktikhotels.com/fr/ecofriendly-hotel/#article","isPartOf":{"@id":"https://www.praktikhotels.com/fr/ecofriendly-hotel/"},"author":{"name":"rafael","@id":"/#/schema/person/61e004cfc07e8b9ece2c609d802040a8"},"headline":"Ecofriendly hotel","datePublished":"2023-08-30T09:32:57+00:00","dateModified":"2024-01-31T11:08:48+00:00","mainEntityOfPage":{"@id":"https://www.praktikhotels.com/fr/ecofriendly-hotel/"},"wordCount":126,"publisher":{"@id":"/#organization"},"inLanguage":"fr-FR"},{"@type":"WebPage","@id":"https://www.praktikhotels.com/fr/ecofriendly-hotel/","url":"https://www.praktikhotels.com/fr/ecofriendly-hotel/","name":"Nos hôtels écologiques - Praktik Hotels Barcelone","isPartOf":{"@id":"/#website"},"datePublished":"2023-08-30T09:32:57+00:00","dateModified":"2024-01-31T11:08:48+00:00","description":"En plus de présenter des hôtels à thème, Praktik Hotels développe une politique écologique basée sur la durabilité.","breadcrumb":{"@id":"https://www.praktikhotels.com/fr/ecofriendly-hotel/#breadcrumb"},"inLanguage":"fr-FR","potentialAction":[{"@type":"ReadAction","target":["https://www.praktikhotels.com/fr/ecofriendly-hotel/"]}]},{"@type":"BreadcrumbList","@id":"https://www.praktikhotels.com/fr/ecofriendly-hotel/#breadcrumb","itemListElement":[{"@type":"ListItem","position":1,"name":"Portada","item":"https://www.praktikhotels.com/fr/"},{"@type":"ListItem","position":2,"name":"Ecofriendly hotel"}]},{"@type":"WebSite","@id":"/#website","url":"/","name":"Praktik Hotels - Hoteles boutique en el centro de Barcelona","description":"Hoteles boutique en el centro de Barcelona","publisher":{"@id":"/#organization"},"potentialAction":[{"@type":"SearchAction","target":{"@type":"EntryPoint","urlTemplate":"/?s={search_term_string}"},"query-input":"required name=search_term_string"}],"inLanguage":"fr-FR"},{"@type":"Organization","@id":"/#organization","name":"Praktik Hotels - Hoteles boutique en el centro de Barcelona","url":"/","logo":{"@type":"ImageObject","inLanguage":"fr-FR","@id":"/#/schema/logo/image/","url":"https://www.praktikhotels.com/wp-content/uploads/sites/13/2022/11/praktik-vinoteca-habitacion01.jpg","contentUrl":"https://www.praktikhotels.com/wp-content/uploads/sites/13/2022/11/praktik-vinoteca-habitacion01.jpg","width":960,"height":635,"caption":"Praktik Hotels - Hoteles boutique en el centro de Barcelona"},"image":{"@id":"/#/schema/logo/image/"},"sameAs":["https://www.facebook.com/praktikhotels/","https://x.com/praktikhotels","https://www.instagram.com/praktikhotels/"]},{"@type":"Person","@id":"/#/schema/person/61e004cfc07e8b9ece2c609d802040a8","name":"rafael","image":{"@type":"ImageObject","inLanguage":"fr-FR","@id":"/#/schema/person/image/","url":"https://secure.gravatar.com/avatar/cb4edff202b9612138e69e647bfe79b3?s=96&d=mm&r=g","contentUrl":"https://secure.gravatar.com/avatar/cb4edff202b9612138e69e647bfe79b3?s=96&d=mm&r=g","caption":"rafael"}}]}</script>
<!-- / Yoast SEO plugin. -->

Nos hôtels écologiques - Praktik Hotels Barcelone

En plus de présenter des hôtels à thème, Praktik Hotels développe une politique écologique basée sur la durabilité.
